{"id":43,"date":"2016-04-12T20:43:44","date_gmt":"2016-04-12T20:43:44","guid":{"rendered":"http:\/\/lstech.com.ve\/web\/?page_id=43"},"modified":"2016-06-07T17:42:14","modified_gmt":"2016-06-07T17:42:14","slug":"quienes-somos","status":"publish","type":"page","link":"https:\/\/lstech.com.ve\/web\/quienes-somos\/","title":{"rendered":"QUIENES SOMOS"},"content":{"rendered":"<p><img loading=\"lazy\" class=\"\" src=\"http:\/\/lstech.com.ve\/web\/wp-content\/uploads\/2016\/05\/QUIENES-SOMOS.jpg\" alt=\"\" width=\"100%\" height=\"80%\" \/><\/p>\n<p class=\"animated bounceInRight\">Somos una empresa de Asesores Integrales conformada por profesionales con verdadera vocaci\u00f3n de servicio al cliente y con 22 a\u00f1os de experiencia en la Industria de Seguridad e Infraestructura Electr\u00f3nica, CCTV, Tecnolog\u00edas de la Informaci\u00f3n y Comunicaci\u00f3n (TIC), Dom\u00f3tica e Inm\u00f3tica. Nuestra actividad va desde el estudio inicial de un sistema, pasando por la venta de equipos y materiales recomendados en nuestro estudio, implementaci\u00f3n, desarrollo, construcci\u00f3n de la actividad encomendada hasta la puesta en marcha del sistema propuesto. Ofreciendo adem\u00e1s consultor\u00eda como valor agregado.<\/p>\n<p class=\"animated bounceInRight\">Tenemos equipos de trabajo preparados en diferentes \u00e1reas y campos de conocimiento.<\/p>\n<p class=\"animated bounceInRight\">Integradores y asesores de sistemas.<br \/>\nDesarrollo de herramientas y aplicaciones a la medida (software).<br \/>\nDise\u00f1o e implementaci\u00f3n de centros de datos.<br \/>\nDise\u00f1o e implementaci\u00f3n de centros de potencia.<br \/>\nC\u00e1lculo, implantaci\u00f3n y mantenimiento de plantas el\u00e9ctricas<br \/>\nAsesoramiento, instalaci\u00f3n, venta de equipos y sistemas de seguridad para empresas y el hogar o Video vigilancia CCTV, centros de monitoreo cctv.<br \/>\nEquipamiento y asesor\u00eda de sistemas contra incendios.<br \/>\nSistemas de detecci\u00f3n de incendios.<br \/>\nSistemas de detecci\u00f3n y extinci\u00f3n para centros de datos.<br \/>\nVenta de agentes limpios para extinci\u00f3n de fuegos.<br \/>\nSistemas de protecci\u00f3n y propagaci\u00f3n de fuegos.<br \/>\nSistemas de bloqueo de fuego, puertas y sistemas de control .de acceso a edificaciones, por tarjeta, clave o biometr\u00eda.<br \/>\nBlindaje de carros y edificaciones.<br \/>\nRepresentaci\u00f3n y venta de materiales.<br \/>\nArt\u00edculos de seguridad y defensa personal.<\/p>\n<p class=\"animated bounceInRight\">Construcci\u00f3n de centros de datos y centros de potencia.<br \/>\nDise\u00f1o e implantaci\u00f3n de sistemas y telecomunicaciones, instalaci\u00f3n de antenas, instalaci\u00f3n de redes WAN y LAN, instalaciones de centrales telef\u00f3nicas de voz, voz sobre ip.<br \/>\nDise\u00f1o y construcci\u00f3n de Call centers (incluido mobiliario) sistemas de video conferencia.<br \/>\nSoporte, venta de equipos y sistemas de computaci\u00f3n y art\u00edculos para la oficina.<br \/>\nSoporte y venta de equipos para la se\u00f1alizaci\u00f3n digital (digital s\u00edgnale).<br \/>\nDise\u00f1o, soporte y venta de sistemas mec\u00e1nicos para el transporte de personas y productos en la manufactura y construcci\u00f3n edificios.<br \/>\nDise\u00f1o e implantaci\u00f3n de sistemas dem\u00f3ticos e inm\u00f3ticos.<br \/>\nVenta de todo tipo de maquinaria y elementos de alta tecnolog\u00eda.<\/p>\n","protected":false},"excerpt":{"rendered":"<p>Somos una empresa de Asesores Integrales conformada por profesionales con verdadera vocaci\u00f3n de servicio al cliente y con 22 a\u00f1os de experiencia en la Industria de Seguridad e Infraestructura Electr\u00f3nica, CCTV, Tecnolog\u00edas de la Informaci\u00f3n y Comunicaci\u00f3n (TIC), Dom\u00f3tica e Inm\u00f3tica. Nuestra actividad va desde el estudio inicial de un sistema, pasando por la venta<\/p>\n","protected":false},"author":1,"featured_media":0,"parent":0,"menu_order":0,"comment_status":"closed","ping_status":"closed","template":"","meta":[],"_links":{"self":[{"href":"https:\/\/lstech.com.ve\/web\/wp-json\/wp\/v2\/pages\/43"}],"collection":[{"href":"https:\/\/lstech.com.ve\/web\/wp-json\/wp\/v2\/pages"}],"about":[{"href":"https:\/\/lstech.com.ve\/web\/wp-json\/wp\/v2\/types\/page"}],"author":[{"embeddable":true,"href":"https:\/\/lstech.com.ve\/web\/wp-json\/wp\/v2\/users\/1"}],"replies":[{"embeddable":true,"href":"https:\/\/lstech.com.ve\/web\/wp-json\/wp\/v2\/comments?post=43"}],"version-history":[{"count":16,"href":"https:\/\/lstech.com.ve\/web\/wp-json\/wp\/v2\/pages\/43\/revisions"}],"predecessor-version":[{"id":473,"href":"https:\/\/lstech.com.ve\/web\/wp-json\/wp\/v2\/pages\/43\/revisions\/473"}],"wp:attachment":[{"href":"https:\/\/lstech.com.ve\/web\/wp-json\/wp\/v2\/media?parent=43"}],"curies":[{"name":"wp","href":"https:\/\/api.w.org\/{rel}","templated":true}]}}